{"id":130,"date":"2022-10-30T14:19:19","date_gmt":"2022-10-30T13:19:19","guid":{"rendered":"https:\/\/ranch-kriens.ch\/?page_id=130"},"modified":"2026-04-27T11:56:15","modified_gmt":"2026-04-27T09:56:15","slug":"zmittag","status":"publish","type":"page","link":"https:\/\/ranch-kriens.ch\/?page_id=130","title":{"rendered":"Zmittag"},"content":{"rendered":"\t\t<div data-elementor-type=\"wp-page\" data-elementor-id=\"130\" class=\"elementor elementor-130\">\n\t\t\t\t\t\t<section class=\"elementor-section elementor-top-section elementor-element elementor-element-8dc0324 elementor-section-boxed elementor-section-height-default elementor-section-height-default\" data-id=\"8dc0324\" data-element_type=\"section\" data-e-type=\"section\">\n\t\t\t\t\t\t<div class=\"elementor-container elementor-column-gap-narrow\">\n\t\t\t\t\t<div class=\"elementor-column elementor-col-33 elementor-top-column elementor-element elementor-element-8ea6ab2\" data-id=\"8ea6ab2\" data-element_type=\"column\" data-e-type=\"column\">\n\t\t\t<div class=\"elementor-widget-wrap elementor-element-populated\">\n\t\t\t\t\t\t<div class=\"elementor-element elementor-element-6a93d62 elementor-widget elementor-widget-image\" data-id=\"6a93d62\" data-element_type=\"widget\" data-e-type=\"widget\" data-widget_type=\"image.default\">\n\t\t\t\t<div class=\"elementor-widget-container\">\n\t\t\t\t\t\t\t\t\t\t\t\t\t\t\t<img fetchpriority=\"high\" decoding=\"async\" width=\"1000\" height=\"1000\" src=\"https:\/\/ranch-kriens.ch\/wp-content\/uploads\/2022\/10\/ranch_iStock-471876574_1000.jpg\" class=\"attachment-full size-full wp-image-136\" alt=\"\" srcset=\"https:\/\/ranch-kriens.ch\/wp-content\/uploads\/2022\/10\/ranch_iStock-471876574_1000.jpg 1000w, https:\/\/ranch-kriens.ch\/wp-content\/uploads\/2022\/10\/ranch_iStock-471876574_1000-300x300.jpg 300w, https:\/\/ranch-kriens.ch\/wp-content\/uploads\/2022\/10\/ranch_iStock-471876574_1000-150x150.jpg 150w, https:\/\/ranch-kriens.ch\/wp-content\/uploads\/2022\/10\/ranch_iStock-471876574_1000-768x768.jpg 768w\" sizes=\"(max-width: 1000px) 100vw, 1000px\" \/>\t\t\t\t\t\t\t\t\t\t\t\t\t\t\t<\/div>\n\t\t\t\t<\/div>\n\t\t\t\t\t<\/div>\n\t\t<\/div>\n\t\t\t\t<div class=\"elementor-column elementor-col-33 elementor-top-column elementor-element elementor-element-e269bf8\" data-id=\"e269bf8\" data-element_type=\"column\" data-e-type=\"column\">\n\t\t\t<div class=\"elementor-widget-wrap elementor-element-populated\">\n\t\t\t\t\t\t<div class=\"elementor-element elementor-element-05031e2 elementor-widget elementor-widget-image\" data-id=\"05031e2\" data-element_type=\"widget\" data-e-type=\"widget\" data-widget_type=\"image.default\">\n\t\t\t\t<div class=\"elementor-widget-container\">\n\t\t\t\t\t\t\t\t\t\t\t\t\t\t\t<img decoding=\"async\" width=\"800\" height=\"800\" src=\"https:\/\/ranch-kriens.ch\/wp-content\/uploads\/2022\/10\/ranch_Pasta-1069506436_1000.jpg\" class=\"attachment-large size-large wp-image-137\" alt=\"\" srcset=\"https:\/\/ranch-kriens.ch\/wp-content\/uploads\/2022\/10\/ranch_Pasta-1069506436_1000.jpg 1000w, https:\/\/ranch-kriens.ch\/wp-content\/uploads\/2022\/10\/ranch_Pasta-1069506436_1000-300x300.jpg 300w, https:\/\/ranch-kriens.ch\/wp-content\/uploads\/2022\/10\/ranch_Pasta-1069506436_1000-150x150.jpg 150w, https:\/\/ranch-kriens.ch\/wp-content\/uploads\/2022\/10\/ranch_Pasta-1069506436_1000-768x768.jpg 768w\" sizes=\"(max-width: 800px) 100vw, 800px\" \/>\t\t\t\t\t\t\t\t\t\t\t\t\t\t\t<\/div>\n\t\t\t\t<\/div>\n\t\t\t\t\t<\/div>\n\t\t<\/div>\n\t\t\t\t<div class=\"elementor-column elementor-col-33 elementor-top-column elementor-element elementor-element-b398671\" data-id=\"b398671\" data-element_type=\"column\" data-e-type=\"column\">\n\t\t\t<div class=\"elementor-widget-wrap elementor-element-populated\">\n\t\t\t\t\t\t<div class=\"elementor-element elementor-element-4a62c20 elementor-widget elementor-widget-image\" data-id=\"4a62c20\" data-element_type=\"widget\" data-e-type=\"widget\" data-widget_type=\"image.default\">\n\t\t\t\t<div class=\"elementor-widget-container\">\n\t\t\t\t\t\t\t\t\t\t\t\t\t\t\t<img decoding=\"async\" width=\"800\" height=\"800\" src=\"https:\/\/ranch-kriens.ch\/wp-content\/uploads\/2022\/10\/ranch_DSC8021_1000.jpg\" class=\"attachment-large size-large wp-image-135\" alt=\"\" srcset=\"https:\/\/ranch-kriens.ch\/wp-content\/uploads\/2022\/10\/ranch_DSC8021_1000.jpg 1000w, https:\/\/ranch-kriens.ch\/wp-content\/uploads\/2022\/10\/ranch_DSC8021_1000-300x300.jpg 300w, https:\/\/ranch-kriens.ch\/wp-content\/uploads\/2022\/10\/ranch_DSC8021_1000-150x150.jpg 150w, https:\/\/ranch-kriens.ch\/wp-content\/uploads\/2022\/10\/ranch_DSC8021_1000-768x768.jpg 768w\" sizes=\"(max-width: 800px) 100vw, 800px\" \/>\t\t\t\t\t\t\t\t\t\t\t\t\t\t\t<\/div>\n\t\t\t\t<\/div>\n\t\t\t\t\t<\/div>\n\t\t<\/div>\n\t\t\t\t\t<\/div>\n\t\t<\/section>\n\t\t\t\t<section class=\"elementor-section elementor-top-section elementor-element elementor-element-63c12b1 elementor-section-full_width linie elementor-section-height-default elementor-section-height-default\" data-id=\"63c12b1\" data-element_type=\"section\" data-e-type=\"section\">\n\t\t\t\t\t\t<div class=\"elementor-container elementor-column-gap-no\">\n\t\t\t\t\t<div class=\"elementor-column elementor-col-100 elementor-top-column elementor-element elementor-element-695620b\" data-id=\"695620b\" data-element_type=\"column\" data-e-type=\"column\">\n\t\t\t<div class=\"elementor-widget-wrap elementor-element-populated\">\n\t\t\t\t\t\t<div class=\"elementor-element elementor-element-470831a linie elementor-widget-divider--view-line elementor-widget elementor-widget-divider\" data-id=\"470831a\" data-element_type=\"widget\" data-e-type=\"widget\" data-widget_type=\"divider.default\">\n\t\t\t\t<div class=\"elementor-widget-container\">\n\t\t\t\t\t\t\t<div class=\"elementor-divider\">\n\t\t\t<span class=\"elementor-divider-separator\">\n\t\t\t\t\t\t<\/span>\n\t\t<\/div>\n\t\t\t\t\t\t<\/div>\n\t\t\t\t<\/div>\n\t\t\t\t\t<\/div>\n\t\t<\/div>\n\t\t\t\t\t<\/div>\n\t\t<\/section>\n\t\t\t\t<section class=\"elementor-section elementor-top-section elementor-element elementor-element-da34c96 elementor-section-boxed elementor-section-height-default elementor-section-height-default\" data-id=\"da34c96\" data-element_type=\"section\" data-e-type=\"section\">\n\t\t\t\t\t\t<div class=\"elementor-container elementor-column-gap-default\">\n\t\t\t\t\t<div class=\"elementor-column elementor-col-100 elementor-top-column elementor-element elementor-element-6a9371e1\" data-id=\"6a9371e1\" data-element_type=\"column\" data-e-type=\"column\">\n\t\t\t<div class=\"elementor-widget-wrap elementor-element-populated\">\n\t\t\t\t\t\t<div class=\"elementor-element elementor-element-fd53f28 elementor-widget elementor-widget-heading\" data-id=\"fd53f28\" data-element_type=\"widget\" data-e-type=\"widget\" data-widget_type=\"heading.default\">\n\t\t\t\t<div class=\"elementor-widget-container\">\n\t\t\t\t\t<h1 class=\"elementor-heading-title elementor-size-default\">.. schnell - unkompliziert - einfach lecker ..<\/h1>\t\t\t\t<\/div>\n\t\t\t\t<\/div>\n\t\t\t\t<div class=\"elementor-element elementor-element-749af041 elementor-widget elementor-widget-text-editor\" data-id=\"749af041\" data-element_type=\"widget\" data-e-type=\"widget\" data-widget_type=\"text-editor.default\">\n\t\t\t\t<div class=\"elementor-widget-container\">\n\t\t\t\t\t\t\t\t\t<p style=\"text-align: center;\"><strong>T\u00e4glich frisch zubereitete Mittagsmenus.<\/strong><\/p><p style=\"text-align: left;\">Die RANCH \u00fcberzeugt mit kulinarischen K\u00f6stlichkeiten in gleichem Masse seine Stammg\u00e4ste wie seine Neukunden.<\/p><p style=\"text-align: left;\">Hier kreiert das K\u00fcchenteam eine erfrischende saisonal angepasste K\u00fcche &#8211; allerdings nicht nur im klassischen Stil, sondern<br \/>\u00fcberraschend kreativ. Auf telefonische Bestellung ist auch Take-away m\u00f6glich.<\/p><p style=\"text-align: center;\">Wir freuen uns aus Sie!<\/p>\t\t\t\t\t\t\t\t<\/div>\n\t\t\t\t<\/div>\n\t\t\t\t<div class=\"elementor-element elementor-element-5672c8a elementor-widget elementor-widget-image\" data-id=\"5672c8a\" data-element_type=\"widget\" data-e-type=\"widget\" data-widget_type=\"image.default\">\n\t\t\t\t<div class=\"elementor-widget-container\">\n\t\t\t\t\t\t\t\t\t\t\t\t\t\t\t\t<a href=\"https:\/\/ranch-kriens.ch\/wp-content\/uploads\/2026\/04\/Wochenmenue-27.04.26-01.05.26.pdf\" target=\"_blank\">\n\t\t\t\t\t\t\t<img loading=\"lazy\" decoding=\"async\" width=\"150\" height=\"150\" src=\"https:\/\/ranch-kriens.ch\/wp-content\/uploads\/2022\/11\/menue-150x150.png\" class=\"attachment-thumbnail size-thumbnail wp-image-423\" alt=\"\" \/>\t\t\t\t\t\t\t\t<\/a>\n\t\t\t\t\t\t\t\t\t\t\t\t\t\t\t<\/div>\n\t\t\t\t<\/div>\n\t\t\t\t\t<\/div>\n\t\t<\/div>\n\t\t\t\t\t<\/div>\n\t\t<\/section>\n\t\t\t\t<section class=\"elementor-section elementor-top-section elementor-element elementor-element-39de143 elementor-section-boxed elementor-section-height-default elementor-section-height-default\" data-id=\"39de143\" data-element_type=\"section\" data-e-type=\"section\">\n\t\t\t\t\t\t<div class=\"elementor-container elementor-column-gap-default\">\n\t\t\t\t\t<div class=\"elementor-column elementor-col-14 elementor-top-column elementor-element elementor-element-0298e93\" data-id=\"0298e93\" data-element_type=\"column\" data-e-type=\"column\">\n\t\t\t<div class=\"elementor-widget-wrap\">\n\t\t\t\t\t\t\t<\/div>\n\t\t<\/div>\n\t\t\t\t<div class=\"elementor-column elementor-col-14 elementor-top-column elementor-element elementor-element-eeff36a elementor-hidden-mobile\" data-id=\"eeff36a\" data-element_type=\"column\" data-e-type=\"column\">\n\t\t\t<div class=\"elementor-widget-wrap\">\n\t\t\t\t\t\t\t<\/div>\n\t\t<\/div>\n\t\t\t\t<div class=\"elementor-column elementor-col-14 elementor-top-column elementor-element elementor-element-3ab4953\" data-id=\"3ab4953\" data-element_type=\"column\" data-e-type=\"column\">\n\t\t\t<div class=\"elementor-widget-wrap\">\n\t\t\t\t\t\t\t<\/div>\n\t\t<\/div>\n\t\t\t\t<div class=\"elementor-column elementor-col-14 elementor-top-column elementor-element elementor-element-2ad2542\" data-id=\"2ad2542\" data-element_type=\"column\" data-e-type=\"column\">\n\t\t\t<div class=\"elementor-widget-wrap\">\n\t\t\t\t\t\t\t<\/div>\n\t\t<\/div>\n\t\t\t\t<div class=\"elementor-column elementor-col-14 elementor-top-column elementor-element elementor-element-d5deab1\" data-id=\"d5deab1\" data-element_type=\"column\" data-e-type=\"column\">\n\t\t\t<div class=\"elementor-widget-wrap\">\n\t\t\t\t\t\t\t<\/div>\n\t\t<\/div>\n\t\t\t\t<div class=\"elementor-column elementor-col-14 elementor-top-column elementor-element elementor-element-f0e61ea elementor-hidden-mobile\" data-id=\"f0e61ea\" data-element_type=\"column\" data-e-type=\"column\">\n\t\t\t<div class=\"elementor-widget-wrap\">\n\t\t\t\t\t\t\t<\/div>\n\t\t<\/div>\n\t\t\t\t<div class=\"elementor-column elementor-col-14 elementor-top-column elementor-element elementor-element-bca5521\" data-id=\"bca5521\" data-element_type=\"column\" data-e-type=\"column\">\n\t\t\t<div class=\"elementor-widget-wrap\">\n\t\t\t\t\t\t\t<\/div>\n\t\t<\/div>\n\t\t\t\t\t<\/div>\n\t\t<\/section>\n\t\t\t\t<\/div>\n\t\t","protected":false},"excerpt":{"rendered":"<p>.. schnell &#8211; unkompliziert &#8211; einfach lecker .. T\u00e4glich frisch zubereitete Mittagsmenus. Die RANCH \u00fcberzeugt mit kulinarischen K\u00f6stlichkeiten in gleichem Masse seine Stammg\u00e4ste wie seine Neukunden. Hier kreiert das K\u00fcchenteam eine erfrischende saisonal angepasste K\u00fcche &#8211; allerdings nicht nur im klassischen Stil, sondern\u00fcberraschend kreativ. Auf telefonische Bestellung ist auch Take-away m\u00f6glich. Wir freuen uns aus [&hellip;]<\/p>\n","protected":false},"author":1,"featured_media":0,"parent":0,"menu_order":0,"comment_status":"closed","ping_status":"closed","template":"elementor_canvas","meta":{"footnotes":""},"class_list":["post-130","page","type-page","status-publish","hentry"],"_links":{"self":[{"href":"https:\/\/ranch-kriens.ch\/index.php?rest_route=\/wp\/v2\/pages\/130","targetHints":{"allow":["GET"]}}],"collection":[{"href":"https:\/\/ranch-kriens.ch\/index.php?rest_route=\/wp\/v2\/pages"}],"about":[{"href":"https:\/\/ranch-kriens.ch\/index.php?rest_route=\/wp\/v2\/types\/page"}],"author":[{"embeddable":true,"href":"https:\/\/ranch-kriens.ch\/index.php?rest_route=\/wp\/v2\/users\/1"}],"replies":[{"embeddable":true,"href":"https:\/\/ranch-kriens.ch\/index.php?rest_route=%2Fwp%2Fv2%2Fcomments&post=130"}],"version-history":[{"count":574,"href":"https:\/\/ranch-kriens.ch\/index.php?rest_route=\/wp\/v2\/pages\/130\/revisions"}],"predecessor-version":[{"id":2189,"href":"https:\/\/ranch-kriens.ch\/index.php?rest_route=\/wp\/v2\/pages\/130\/revisions\/2189"}],"wp:attachment":[{"href":"https:\/\/ranch-kriens.ch\/index.php?rest_route=%2Fwp%2Fv2%2Fmedia&parent=130"}],"curies":[{"name":"wp","href":"https:\/\/api.w.org\/{rel}","templated":true}]}}